{"id":36199,"date":"2026-04-30T14:27:23","date_gmt":"2026-04-30T14:27:23","guid":{"rendered":"https:\/\/dibosch.com\/politica-de-redes-sociales\/"},"modified":"2026-04-30T14:44:15","modified_gmt":"2026-04-30T14:44:15","slug":"politica-de-redes-sociales","status":"publish","type":"page","link":"https:\/\/dibosch.com\/es\/politica-de-redes-sociales\/","title":{"rendered":"Pol\u00edtica de Redes Sociales"},"content":{"rendered":"\n<p>En cumplimiento de lo establecido en la normativa de protecci\u00f3n de datos, DIBOSCH SLU informa a los usuarios que es titular de los perfiles en las Redes Sociales [Facebook: DIBOSCHSL, Youtube: DIBOSCH, Linkedin: DIBOSCH, Instagram: dibosch_, X:DIBOSCHSL ] bajo su denominaci\u00f3n, y que \u00e9stos han sido creados y DIBOSCH SLU.<\/p>\n\n<h3 class=\"wp-block-heading\">Datos de DIBOSCH SLU:<\/h3>\n\n<p>\u00b7 Sitio\/s web: <a href=\"https:\/\/dibosch.com\/es\/nota-legal\/\">https:\/\/dibosch.com\/es\/nota-legal\/<\/a><br\/>\u00b7 Entidad: DIBOSCH SLU<br\/>\u00b7 Domicilio: Ctra. Riudellots en Cass\u00e0, s\/n, 17457, RIUDELLOTS DE LA SELVA, GIRONA<br\/>\u00b7 NIF: B17427618<br\/>\u00b7 Tel\u00e9fono: 972 47 70 52<br\/>\u00b7 Correo electr\u00f3nico: <a>adm@dibosch.com<\/a> <\/p>\n\n<p>El Usuario dispone de un perfil en alguna de las citadas Redes Sociales y ha decidido unirse a la p\u00e1gina creada por DIBOSCH SLU, mostrando inter\u00e9s en la informaci\u00f3n que se publique en la Red Social correspondiente. Al unirse a la p\u00e1gina de DIBOSCH SLU, el Usuario da su consentimiento para el tratamiento de los datos personales publicados en su perfil por parte de DIBOSCH SLU. <\/p>\n\n<p>El Usuario puede acceder en todo momento a las pol\u00edticas de privacidad de la propia Red Social, as\u00ed como configurar su perfil para garantizar su privacidad.<\/p>\n\n<p>Los datos del Usuario en la Red Social ser\u00e1n tratados por DIBOSCH SLU \u00fanicamente dentro de la misma Red Social y en ning\u00fan caso ser\u00e1n tratados fuera de \u00e9sta.<\/p>\n\n<p>El Usuario tiene derecho a ejercer sus derechos de acceso, rectificaci\u00f3n, supresi\u00f3n, portabilidad y limitaci\u00f3n frente a DIBOSCH SLU, dirigi\u00e9ndose a <a>adm@dibosch.com<\/a> mediante un escrito acompa\u00f1ado de un documento acreditativo de identidad.<\/p>\n\n<p>Sin embargo, el ejercicio de estos derechos vendr\u00e1 determinado por la funcionalidad propia de la Red Social y la capacidad de acceso a la informaci\u00f3n de los perfiles de los Usuarios por parte de DIBOSCH SLU, y s\u00f3lo podr\u00e1n ejercerse en relaci\u00f3n con aquella informaci\u00f3n que se encuentre bajo el control de DIBOSCH SLU. Igualmente, los Usuarios podr\u00e1n presentar una reclamaci\u00f3n relativa a la protecci\u00f3n de sus datos personales ante la Agencia Espa\u00f1ola de Protecci\u00f3n de Datos, con domicilio en la calle Jorge Juan, 6, 28001-Madrid, cuando consideren que DIBOSCH SLU ha vulnerado los derechos reconocidos por la normativa aplicable. <\/p>\n\n<h3 class=\"wp-block-heading\">DIBOSCH SLU realizar\u00e1 las siguientes actuaciones:<\/h3>\n\n<p>\u00b7 Acceder a la informaci\u00f3n p\u00fablica del perfil del Usuario.<br\/>\u00b7 Enviar mensajes personales e individuales a trav\u00e9s de los canales de la Red Social.<\/p>\n\n<p>El Usuario siempre puede controlar sus conexiones, eliminar los contenidos que dejen de interesarle y restringir con quien comparte sus conexiones; para ello deber\u00e1 acceder a la configuraci\u00f3n de privacidad de la Red Social.<\/p>\n\n<hr class=\"wp-block-separator has-alpha-channel-opacity\"\/>\n\n<h2 class=\"wp-block-heading\">PUBLICACIONES<\/h2>\n\n<p>El Usuario, una vez unido a la p\u00e1gina de DIBOSCH SLU, podr\u00e1 publicar comentarios, enlaces, im\u00e1genes o fotograf\u00edas o cualquier otro tipo de contenido multimedia permitido por la Red Social. El Usuario, en todos los casos, debe ser el titular de los contenidos, disponer de los derechos de autor y propiedad intelectual o contar con el consentimiento de los terceros afectados. <\/p>\n\n<p>Se proh\u00edbe expresamente cualquier publicaci\u00f3n en la p\u00e1gina -ya sean textos, gr\u00e1ficos, fotograf\u00edas, v\u00eddeos, etc.- que atente o pueda atentar contra la moral, la \u00e9tica, el buen gusto o el decoro, y\/o que infrinja los derechos de propiedad intelectual o industrial, el derecho a la imagen o la ley. En estos casos, DIBOSCH SLU se reserva el derecho de retirar de inmediato el contenido y puede solicitar el bloqueo permanente del Usuario.<\/p>\n\n<p>DIBOSCH SLU no se har\u00e1 responsable de los contenidos que el Usuario haya publicado libremente.<\/p>\n\n<p>El Usuario debe tener presente que sus publicaciones ser\u00e1n conocidas por otros usuarios, por lo que es el principal responsable de su privacidad. Las im\u00e1genes que puedan publicarse en la p\u00e1gina no ser\u00e1n almacenadas por DIBOSCH SLU, pero s\u00ed permanecer\u00e1n en la Red Social. <\/p>\n\n<hr class=\"wp-block-separator has-alpha-channel-opacity\"\/>\n\n<h2 class=\"wp-block-heading\">CONCURSOS Y PROMOCIONES<\/h2>\n\n<p>DIBOSCH SLU se reserva el derecho de realizar concursos y promociones en los que podr\u00e1 participar el Usuario unido a su p\u00e1gina. Las bases legales de cada uno de ellos ser\u00e1n publicadas en la Red Social cuando se utilice este canal, cumpliendo siempre con la LSSI-CE y con cualquier otra normativa aplicable. <\/p>\n\n<p>La Red Social no patrocina, avala ni administra, en modo alguno, ninguna de nuestras promociones, ni est\u00e1 asociada a ninguna de ellas.<\/p>\n\n<hr class=\"wp-block-separator has-alpha-channel-opacity\"\/>\n\n<h2 class=\"wp-block-heading\">PUBLICIDAD<\/h2>\n\n<p>DIBOSCH SLU utilizar\u00e1 la Red Social para publicitar sus productos y servicios. En cualquier caso, si decide tratar los datos de contacto para realizar acciones directas de prospecci\u00f3n comercial, lo har\u00e1 siempre cumpliendo con las exigencias legales de la normativa de protecci\u00f3n de datos y de la sociedad de la informaci\u00f3n. <\/p>\n\n<p>No se considerar\u00e1 publicidad recomendar a otros usuarios la p\u00e1gina de DIBOSCH SLU para que tambi\u00e9n puedan disfrutar de las promociones o estar informados de su actividad.<\/p>\n\n<hr class=\"wp-block-separator has-alpha-channel-opacity\"\/>\n\n<p>A continuaci\u00f3n se detallan los enlaces a las pol\u00edticas de privacidad de las Redes Sociales:<\/p>\n\n<p>\u00b7 Facebook: <a href=\"https:\/\/es-es.facebook.com\/privacy\/policy\/?entry_point=facebook_page_footer\" target=\"_blank\" rel=\"noopener\">https:\/\/es-es.facebook.com\/privacy\/policy\/?entry_point=facebook_page_footer<\/a><br\/>\u00b7 Instagram:<a href=\"https:\/\/privacycenter.instagram.com\/policy\/?entry_point=ig_help_center_data_policy_redirect\" target=\"_blank\" rel=\"noopener\"> https:\/\/privacycenter.instagram.com\/policy\/?entry_point=ig_help_center_data_policy_redirect<\/a><br\/>\u00b7 Linkedin: <a href=\"https:\/\/es.linkedin.com\/legal\/privacy-policy\" target=\"_blank\" rel=\"noopener\"><\/a><a href=\"https:\/\/policies.google.com\/privacy?hl=es\" target=\"_blank\" rel=\"noopener\">https:\/\/es.linkedin.com\/legal\/privacy-policy<\/a><br\/>\u00b7 Youtube: <a href=\"https:\/\/www.youtube.com\/intl\/ALL_es\/howyoutubeworks\/policies\/community-guidelines\/\" target=\"_blank\" rel=\"noopener\">https:\/\/www.youtube.com\/intl\/ALL_es\/howyoutubeworks\/policies\/community-guidelines\/<\/a><br\/>\u00b7 Twitter: <a href=\"https:\/\/twitter.com\/es\/priv\" target=\"_blank\" rel=\"noopener\">https:\/\/twitter.com\/es\/priv<\/a><\/p>\n\n<p><\/p>\n","protected":false},"excerpt":{"rendered":"<p>En cumplimiento de lo establecido en la normativa de protecci\u00f3n de datos, DIBOSCH SLU informa a los usuarios que es titular de los perfiles en las Redes Sociales [Facebook: DIBOSCHSL, Youtube: DIBOSCH, Linkedin: DIBOSCH, Instagram: dibosch_, X:DIBOSCHSL ] bajo su denominaci\u00f3n, y que \u00e9stos han sido creados y DIBOSCH SLU. Datos de DIBOSCH SLU: \u00b7 [&hellip;]<\/p>\n","protected":false},"author":3,"featured_media":0,"parent":0,"menu_order":0,"comment_status":"closed","ping_status":"closed","template":"","meta":{"footnotes":""},"class_list":["post-36199","page","type-page","status-publish","hentry"],"_links":{"self":[{"href":"https:\/\/dibosch.com\/es\/wp-json\/wp\/v2\/pages\/36199","targetHints":{"allow":["GET"]}}],"collection":[{"href":"https:\/\/dibosch.com\/es\/wp-json\/wp\/v2\/pages"}],"about":[{"href":"https:\/\/dibosch.com\/es\/wp-json\/wp\/v2\/types\/page"}],"author":[{"embeddable":true,"href":"https:\/\/dibosch.com\/es\/wp-json\/wp\/v2\/users\/3"}],"replies":[{"embeddable":true,"href":"https:\/\/dibosch.com\/es\/wp-json\/wp\/v2\/comments?post=36199"}],"version-history":[{"count":1,"href":"https:\/\/dibosch.com\/es\/wp-json\/wp\/v2\/pages\/36199\/revisions"}],"predecessor-version":[{"id":36200,"href":"https:\/\/dibosch.com\/es\/wp-json\/wp\/v2\/pages\/36199\/revisions\/36200"}],"wp:attachment":[{"href":"https:\/\/dibosch.com\/es\/wp-json\/wp\/v2\/media?parent=36199"}],"curies":[{"name":"wp","href":"https:\/\/api.w.org\/{rel}","templated":true}]}}

Política de Redes Sociales

<p>En cumplimiento de lo establecido en la normativa de protección de datos, DIBOSCH SLU informa a los usuarios que es titular de los perfiles en las Redes Sociales [Facebook: DIBOSCHSL, Youtube: DIBOSCH, Linkedin: DIBOSCH, Instagram: dibosch_, X:DIBOSCHSL ] bajo su denominación, y que éstos han sido creados y DIBOSCH SLU.</p>

<h3 class="wp-block-heading">Datos de DIBOSCH SLU:</h3>

<p>· Sitio/s web: <a href="https://dibosch.com/es/nota-legal/">https://dibosch.com/es/nota-legal/</a><br/>· Entidad: DIBOSCH SLU<br/>· Domicilio: Ctra. Riudellots en Cassà, s/n, 17457, RIUDELLOTS DE LA SELVA, GIRONA<br/>· NIF: B17427618<br/>· Teléfono: 972 47 70 52<br/>· Correo electrónico: <a>adm@dibosch.com</a> </p>

<p>El Usuario dispone de un perfil en alguna de las citadas Redes Sociales y ha decidido unirse a la página creada por DIBOSCH SLU, mostrando interés en la información que se publique en la Red Social correspondiente. Al unirse a la página de DIBOSCH SLU, el Usuario da su consentimiento para el tratamiento de los datos personales publicados en su perfil por parte de DIBOSCH SLU. </p>

<p>El Usuario puede acceder en todo momento a las políticas de privacidad de la propia Red Social, así como configurar su perfil para garantizar su privacidad.</p>

<p>Los datos del Usuario en la Red Social serán tratados por DIBOSCH SLU únicamente dentro de la misma Red Social y en ningún caso serán tratados fuera de ésta.</p>

<p>El Usuario tiene derecho a ejercer sus derechos de acceso, rectificación, supresión, portabilidad y limitación frente a DIBOSCH SLU, dirigiéndose a <a>adm@dibosch.com</a> mediante un escrito acompañado de un documento acreditativo de identidad.</p>

<p>Sin embargo, el ejercicio de estos derechos vendrá determinado por la funcionalidad propia de la Red Social y la capacidad de acceso a la información de los perfiles de los Usuarios por parte de DIBOSCH SLU, y sólo podrán ejercerse en relación con aquella información que se encuentre bajo el control de DIBOSCH SLU. Igualmente, los Usuarios podrán presentar una reclamación relativa a la protección de sus datos personales ante la Agencia Española de Protección de Datos, con domicilio en la calle Jorge Juan, 6, 28001-Madrid, cuando consideren que DIBOSCH SLU ha vulnerado los derechos reconocidos por la normativa aplicable. </p>

<h3 class="wp-block-heading">DIBOSCH SLU realizará las siguientes actuaciones:</h3>

<p>· Acceder a la información pública del perfil del Usuario.<br/>· Enviar mensajes personales e individuales a través de los canales de la Red Social.</p>

<p>El Usuario siempre puede controlar sus conexiones, eliminar los contenidos que dejen de interesarle y restringir con quien comparte sus conexiones; para ello deberá acceder a la configuración de privacidad de la Red Social.</p>

<hr class="wp-block-separator has-alpha-channel-opacity"/>

<h2 class="wp-block-heading">PUBLICACIONES</h2>

<p>El Usuario, una vez unido a la página de DIBOSCH SLU, podrá publicar comentarios, enlaces, imágenes o fotografías o cualquier otro tipo de contenido multimedia permitido por la Red Social. El Usuario, en todos los casos, debe ser el titular de los contenidos, disponer de los derechos de autor y propiedad intelectual o contar con el consentimiento de los terceros afectados. </p>

<p>Se prohíbe expresamente cualquier publicación en la página -ya sean textos, gráficos, fotografías, vídeos, etc.- que atente o pueda atentar contra la moral, la ética, el buen gusto o el decoro, y/o que infrinja los derechos de propiedad intelectual o industrial, el derecho a la imagen o la ley. En estos casos, DIBOSCH SLU se reserva el derecho de retirar de inmediato el contenido y puede solicitar el bloqueo permanente del Usuario.</p>

<p>DIBOSCH SLU no se hará responsable de los contenidos que el Usuario haya publicado libremente.</p>

<p>El Usuario debe tener presente que sus publicaciones serán conocidas por otros usuarios, por lo que es el principal responsable de su privacidad. Las imágenes que puedan publicarse en la página no serán almacenadas por DIBOSCH SLU, pero sí permanecerán en la Red Social. </p>

<hr class="wp-block-separator has-alpha-channel-opacity"/>

<h2 class="wp-block-heading">CONCURSOS Y PROMOCIONES</h2>

<p>DIBOSCH SLU se reserva el derecho de realizar concursos y promociones en los que podrá participar el Usuario unido a su página. Las bases legales de cada uno de ellos serán publicadas en la Red Social cuando se utilice este canal, cumpliendo siempre con la LSSI-CE y con cualquier otra normativa aplicable. </p>

<p>La Red Social no patrocina, avala ni administra, en modo alguno, ninguna de nuestras promociones, ni está asociada a ninguna de ellas.</p>

<hr class="wp-block-separator has-alpha-channel-opacity"/>

<h2 class="wp-block-heading">PUBLICIDAD</h2>

<p>DIBOSCH SLU utilizará la Red Social para publicitar sus productos y servicios. En cualquier caso, si decide tratar los datos de contacto para realizar acciones directas de prospección comercial, lo hará siempre cumpliendo con las exigencias legales de la normativa de protección de datos y de la sociedad de la información. </p>

<p>No se considerará publicidad recomendar a otros usuarios la página de DIBOSCH SLU para que también puedan disfrutar de las promociones o estar informados de su actividad.</p>

<hr class="wp-block-separator has-alpha-channel-opacity"/>

<p>A continuación se detallan los enlaces a las políticas de privacidad de las Redes Sociales:</p>

<p>· Facebook: <a href="https://es-es.facebook.com/privacy/policy/?entry_point=facebook_page_footer" target="_blank" rel="noopener">https://es-es.facebook.com/privacy/policy/?entry_point=facebook_page_footer</a><br/>· Instagram:<a href="https://privacycenter.instagram.com/policy/?entry_point=ig_help_center_data_policy_redirect" target="_blank" rel="noopener"> https://privacycenter.instagram.com/policy/?entry_point=ig_help_center_data_policy_redirect</a><br/>· Linkedin: <a href="https://es.linkedin.com/legal/privacy-policy" target="_blank" rel="noopener"></a><a href="https://policies.google.com/privacy?hl=es" target="_blank" rel="noopener">https://es.linkedin.com/legal/privacy-policy</a><br/>· Youtube: <a href="https://www.youtube.com/intl/ALL_es/howyoutubeworks/policies/community-guidelines/" target="_blank" rel="noopener">https://www.youtube.com/intl/ALL_es/howyoutubeworks/policies/community-guidelines/</a><br/>· Twitter: <a href="https://twitter.com/es/priv" target="_blank" rel="noopener">https://twitter.com/es/priv</a></p>

<p></p>

<p>En cumplimiento de lo establecido en la normativa de protección de datos, DIBOSCH SLU informa a los usuarios que es titular de los perfiles en las Redes Sociales [Facebook: DIBOSCHSL, Youtube: DIBOSCH, Linkedin: DIBOSCH, Instagram: dibosch_, X:DIBOSCHSL ] bajo su denominación, y que éstos han sido creados y DIBOSCH SLU. Datos de DIBOSCH SLU: · [&hellip;]</p>
