{"id":14019,"date":"2022-12-07T11:25:30","date_gmt":"2022-12-07T11:25:30","guid":{"rendered":"https:\/\/www.dibosch.com\/producto\/m-sebo-duo-carpet\/"},"modified":"2025-12-22T07:53:03","modified_gmt":"2025-12-22T07:53:03","slug":"m-sebo-duo-carpeto","status":"publish","type":"product","link":"https:\/\/dibosch.com\/es\/producto\/m-sebo-duo-carpeto\/","title":{"rendered":"SEBO DUO CARPET"},"content":{"rendered":"<p data-start=\"2153\" data-end=\"2461\">El <strong data-start=\"2156\" data-end=\"2168\">SEBO DUO<\/strong> es un <strong data-start=\"2175\" data-end=\"2244\">sistema profesional de limpieza en seco para moquetas y alfombras<\/strong>, dise\u00f1ado para proporcionar una <strong data-start=\"2277\" data-end=\"2315\">limpieza profunda, r\u00e1pida y segura<\/strong> sin utilizar agua ni detergentes l\u00edquidos. Es la soluci\u00f3n ideal para espacios profesionales donde se requiere <strong data-start=\"2426\" data-end=\"2460\">uso inmediato tras la limpieza<\/strong>.<\/p>\n<p data-start=\"2463\" data-end=\"2834\">El sistema combina la <strong data-start=\"2485\" data-end=\"2517\">m\u00e1quina de cepillos SEBO DUO<\/strong> con el <strong data-start=\"2525\" data-end=\"2550\">polvo limpiador DUO-P<\/strong>, formado por microgr\u00e1nulos ligeramente humedecidos que absorben la suciedad, las manchas y los al\u00e9rgenos incrustados en la fibra. Sus <strong data-start=\"2685\" data-end=\"2729\">dos cepillos contrarrotantes motorizados<\/strong> levantan el pelo de la moqueta y permiten que el polvo act\u00fae alrededor de cada fibra de forma homog\u00e9nea.<\/p>\n<p data-start=\"2836\" data-end=\"3114\">Una vez aspirado el polvo, la superficie queda <strong data-start=\"2883\" data-end=\"2925\">completamente seca y lista para su uso<\/strong>, sin riesgo de encogimiento, aparici\u00f3n de moho ni residuos qu\u00edmicos. Adem\u00e1s, el sistema incorpora un <strong data-start=\"3027\" data-end=\"3050\">protector de fibras<\/strong> que ayuda a prevenir futuras manchas y acumulaci\u00f3n de suciedad.<\/p>\n<p data-start=\"3116\" data-end=\"3332\">Es especialmente recomendable para <strong data-start=\"3151\" data-end=\"3244\">hoteles, oficinas, centros educativos, residencias, salas de actos y espacios comerciales<\/strong>, mejorando la calidad del aire interior al reducir \u00e1caros, bacterias y esporas de moho.<\/p>\n<p data-start=\"3334\" data-end=\"3375\"><strong data-start=\"3334\" data-end=\"3375\">Caracter\u00edsticas t\u00e9cnicas principales:<\/strong><\/p>\n<ul data-start=\"3376\" data-end=\"3627\">\n<li data-start=\"3376\" data-end=\"3416\">\n<p data-start=\"3378\" data-end=\"3416\">Sistema de limpieza en seco (sin agua)<\/p>\n<\/li>\n<li data-start=\"3417\" data-end=\"3459\">\n<p data-start=\"3419\" data-end=\"3459\">Dos cepillos contrarrotantes motorizados<\/p>\n<\/li>\n<li data-start=\"3460\" data-end=\"3498\">\n<p data-start=\"3462\" data-end=\"3498\">Velocidad de los cepillos: 400 rpm<\/p>\n<\/li>\n<li data-start=\"3499\" data-end=\"3527\">\n<p data-start=\"3501\" data-end=\"3527\">Ancho de trabajo: 355 mm<\/p>\n<\/li>\n<li data-start=\"3528\" data-end=\"3557\">\n<p data-start=\"3530\" data-end=\"3557\">Potencia del motor: 200 W<\/p>\n<\/li>\n<li data-start=\"3558\" data-end=\"3588\">\n<p data-start=\"3560\" data-end=\"3588\">Longitud del cable: 12,2 m<\/p>\n<\/li>\n<li data-start=\"3589\" data-end=\"3603\">\n<p data-start=\"3591\" data-end=\"3603\">Peso: 5 kg<\/p>\n<\/li>\n<li data-start=\"3604\" data-end=\"3627\">\n<p data-start=\"3606\" data-end=\"3627\">Fabricado en Alemania<\/p>\n<\/li>\n<\/ul>\n","protected":false},"excerpt":{"rendered":"<p>El SEBO DUO es un sistema profesional de limpieza en seco para moquetas y alfombras, dise\u00f1ado para proporcionar una limpieza profunda, r\u00e1pida y segura sin utilizar agua ni detergentes l\u00edquidos. Es la soluci\u00f3n ideal para espacios profesionales donde se requiere uso inmediato tras la limpieza. El sistema combina la m\u00e1quina de cepillos SEBO DUO con [&hellip;]<\/p>\n","protected":false},"featured_media":11503,"comment_status":"closed","ping_status":"closed","template":"","meta":[],"product_brand":[],"product_cat":[769,577],"product_tag":[],"marcas":[925],"certificats":[],"caracteristiques":[],"tipus-productes":[],"zona-aplicacio":[],"tipus-maquinaria":[],"class_list":{"0":"post-14019","1":"product","2":"type-product","3":"status-publish","4":"has-post-thumbnail","6":"product_cat-aspiradores-profesionales","7":"product_cat-maquinas","8":"marcas-sebo-es","10":"first","11":"instock","12":"product-type-simple"},"_links":{"self":[{"href":"https:\/\/dibosch.com\/es\/wp-json\/wp\/v2\/product\/14019","targetHints":{"allow":["GET"]}}],"collection":[{"href":"https:\/\/dibosch.com\/es\/wp-json\/wp\/v2\/product"}],"about":[{"href":"https:\/\/dibosch.com\/es\/wp-json\/wp\/v2\/types\/product"}],"replies":[{"embeddable":true,"href":"https:\/\/dibosch.com\/es\/wp-json\/wp\/v2\/comments?post=14019"}],"wp:featuredmedia":[{"embeddable":true,"href":"https:\/\/dibosch.com\/es\/wp-json\/wp\/v2\/media\/11503"}],"wp:attachment":[{"href":"https:\/\/dibosch.com\/es\/wp-json\/wp\/v2\/media?parent=14019"}],"wp:term":[{"taxonomy":"product_brand","embeddable":true,"href":"https:\/\/dibosch.com\/es\/wp-json\/wp\/v2\/product_brand?post=14019"},{"taxonomy":"product_cat","embeddable":true,"href":"https:\/\/dibosch.com\/es\/wp-json\/wp\/v2\/product_cat?post=14019"},{"taxonomy":"product_tag","embeddable":true,"href":"https:\/\/dibosch.com\/es\/wp-json\/wp\/v2\/product_tag?post=14019"},{"taxonomy":"marcas","embeddable":true,"href":"https:\/\/dibosch.com\/es\/wp-json\/wp\/v2\/marcas?post=14019"},{"taxonomy":"certificats","embeddable":true,"href":"https:\/\/dibosch.com\/es\/wp-json\/wp\/v2\/certificats?post=14019"},{"taxonomy":"caracteristiques","embeddable":true,"href":"https:\/\/dibosch.com\/es\/wp-json\/wp\/v2\/caracteristiques?post=14019"},{"taxonomy":"tipus-productes","embeddable":true,"href":"https:\/\/dibosch.com\/es\/wp-json\/wp\/v2\/tipus-productes?post=14019"},{"taxonomy":"zona-aplicacio","embeddable":true,"href":"https:\/\/dibosch.com\/es\/wp-json\/wp\/v2\/zona-aplicacio?post=14019"},{"taxonomy":"tipus-maquinaria","embeddable":true,"href":"https:\/\/dibosch.com\/es\/wp-json\/wp\/v2\/tipus-maquinaria?post=14019"}],"curies":[{"name":"wp","href":"https:\/\/api.w.org\/{rel}","templated":true}]}}

<p data-start="2153" data-end="2461">El <strong data-start="2156" data-end="2168">SEBO DUO</strong> es un <strong data-start="2175" data-end="2244">sistema profesional de limpieza en seco para moquetas y alfombras</strong>, diseñado para proporcionar una <strong data-start="2277" data-end="2315">limpieza profunda, rápida y segura</strong> sin utilizar agua ni detergentes líquidos. Es la solución ideal para espacios profesionales donde se requiere <strong data-start="2426" data-end="2460">uso inmediato tras la limpieza</strong>.</p>
<p data-start="2463" data-end="2834">El sistema combina la <strong data-start="2485" data-end="2517">máquina de cepillos SEBO DUO</strong> con el <strong data-start="2525" data-end="2550">polvo limpiador DUO-P</strong>, formado por microgránulos ligeramente humedecidos que absorben la suciedad, las manchas y los alérgenos incrustados en la fibra. Sus <strong data-start="2685" data-end="2729">dos cepillos contrarrotantes motorizados</strong> levantan el pelo de la moqueta y permiten que el polvo actúe alrededor de cada fibra de forma homogénea.</p>
<p data-start="2836" data-end="3114">Una vez aspirado el polvo, la superficie queda <strong data-start="2883" data-end="2925">completamente seca y lista para su uso</strong>, sin riesgo de encogimiento, aparición de moho ni residuos químicos. Además, el sistema incorpora un <strong data-start="3027" data-end="3050">protector de fibras</strong> que ayuda a prevenir futuras manchas y acumulación de suciedad.</p>
<p data-start="3116" data-end="3332">Es especialmente recomendable para <strong data-start="3151" data-end="3244">hoteles, oficinas, centros educativos, residencias, salas de actos y espacios comerciales</strong>, mejorando la calidad del aire interior al reducir ácaros, bacterias y esporas de moho.</p>
<p data-start="3334" data-end="3375"><strong data-start="3334" data-end="3375">Características técnicas principales:</strong></p>
<ul data-start="3376" data-end="3627">
<li data-start="3376" data-end="3416">
<p data-start="3378" data-end="3416">Sistema de limpieza en seco (sin agua)</p>
</li>
<li data-start="3417" data-end="3459">
<p data-start="3419" data-end="3459">Dos cepillos contrarrotantes motorizados</p>
</li>
<li data-start="3460" data-end="3498">
<p data-start="3462" data-end="3498">Velocidad de los cepillos: 400 rpm</p>
</li>
<li data-start="3499" data-end="3527">
<p data-start="3501" data-end="3527">Ancho de trabajo: 355 mm</p>
</li>
<li data-start="3528" data-end="3557">
<p data-start="3530" data-end="3557">Potencia del motor: 200 W</p>
</li>
<li data-start="3558" data-end="3588">
<p data-start="3560" data-end="3588">Longitud del cable: 12,2 m</p>
</li>
<li data-start="3589" data-end="3603">
<p data-start="3591" data-end="3603">Peso: 5 kg</p>
</li>
<li data-start="3604" data-end="3627">
<p data-start="3606" data-end="3627">Fabricado en Alemania</p>
</li>
</ul>

<p>El SEBO DUO es un sistema profesional de limpieza en seco para moquetas y alfombras, diseñado para proporcionar una limpieza profunda, rápida y segura sin utilizar agua ni detergentes líquidos. Es la solución ideal para espacios profesionales donde se requiere uso inmediato tras la limpieza. El sistema combina la máquina de cepillos SEBO DUO con [&hellip;]</p>
